.
-7
Let f(l) = l**2 - 39*l - 19102. Determine f(160).
258
Let k(n) = 58*n**2 - 26*n + 25. Give k(1).
57
Let y(s) = -2*s**2 - 123*s + 4990. Determine y(-65).
4535
Let f(m) = 204*m**2 + 35*m + 69. Determine f(-2).
815
Let j(h) = -4054*h - 600198. What is j(-148)?
-206
Let m(n) = -n**3 - 25*n**2 - 602*n - 14985. Determine m(-25).
65
Let q(u) = -u**2 - 17121*u - 136904. Give q(-8).
0
Let w(t) = -t**3 - 207*t**2 - 1247*t - 211. What is w(-6)?
35
Let y(a) = 4*a**3 + 535*a**2 + 402*a + 966. Calculate y(-133).
567
Let j(u) = 2605*u + 348. Determine j(-1).
-2257
Let o(w) = -40*w**2 + 5614*w + 39364. Calculate o(-7).
-1894
Let c(h) = 10*h**2 + 493*h - 7124. Calculate c(-61).
13
Let h(u) = -1093*u + 17871. Give h(16).
383
Let q(t) = -15*t**2 - 1271*t + 884. Calculate q(-85).
544
Let x(p) = p**2 - 181021*p + 5248797. What is x(29)?
29
Let z(o) = o**3 + 2*o**2 - 173*o + 776. Determine z(4).
180
Let o(y) = y**3 - 24*y**2 - 2979*y + 194. Give o(-44).
-378
Let m(u) = 1332*u + 238447. Calculate m(-179).
19
Let t(h) = -5*h**2 + 362*h + 3938. Calculate t(82).
2
Let q(n) = 470290*n + 940572. Give q(-2).
-8
Let c(u) = 2*u**3 - 229*u**2 - 1703*u - 15500. Calculate c(122).
-6
Let y(t) = 5675*t + 5805521. Give y(-1023).
-4
Let x(q) = -75*q**2 + 649*q - 996. What is x(7)?
-128
Let r(n) = 2435*n + 9714. What is r(-4)?
-26
Let a(s) = -s**3 + 153*s**2 + 130*s + 260. Give a(154).
-3436
Let w(r) = -168581*r - 1011531. Determine w(-6).
-45
Let w(a) = 99*a**2 - 85299*a + 51666. Give w(861).
6
Let c(i) = -14*i**2 + 65*i - 134. Give c(9).
-683
Let t(f) = 3*f**3 - 45*f**2 - 9*f - 1578. Calculate t(17).
3
Let i(l) = 1408*l**2 + 4212*l - 33. Determine i(-3).
3
Let o(v) = -18*v**2 - 28213*v - 28218. Determine o(-1).
-23
Let n(j) = 15*j**3 - 872*j**2 + 139*j - 1350. Calculate n(58).
-16
Let f(s) = -8989*s - 53760. Calculate f(-6).
174
Let y(t) = 55*t**2 - 344*t - 3. Calculate y(5).
-348
Let b(w) = 655*w**3 - 1003*w**2 - 1011*w - 8. Determine b(-1).
-655
Let n(q) = -q**2 - 1503*q + 14830. What is n(10)?
-300
Let k(u) = -21340*u + 106704. Determine k(5).
4
Let l(x) = x**2 - 34*x - 1526. Calculate l(-26).
34
Let f(m) = -14*m**3 - 3540*m**2 - 10049*m - 12243. Determine f(-250).
7
Let m(c) = c**3 + 7*c**2 - 21*c - 5. What is m(-10)?
-95
Let k(z) = 2*z**2 - 4681*z - 9350. Calculate k(-2).
20
Let k(j) = -395*j - 27594. Calculate k(-67).
-1129
Let x(u) = 468*u - 3880. Determine x(12).
1736
Let n(s) = s**2 + 793*s - 21. Calculate n(0).
-21
Let t(h) = 19*h**2 + 285*h + 6. Determine t(-15).
6
Let y(i) = 75*i**3 - 4*i**2 - 12*i + 14. Determine y(1).
73
Let m(p) = 16*p**2 + 555*p + 2434. Give m(-5).
59
Let c(h) = 10*h**2 - 12015*h - 231935. What is c(-19)?
-40
Let o(x) = 1116*x**2 - 1075*x - 2159. Calculate o(-2).
4455
Let n(x) = -4644*x - 134667. What is n(-29)?
9
Let z(l) = -l**3 + 250*l**2 + 1340*l - 16568. Calculate z(255).
7
Let i(x) = 271*x - 7319. Calculate i(27).
-2
Let s(y) = -3*y**3 - 564*y**2 + 1714*y - 956. Determine s(-191).
-1
Let r(o) = 4*o**2 - 834*o + 9127. Give r(197).
65
Let u(v) = 3418*v + 16990. Give u(-5).
-100
Let g(c) = 90*c**2 - 231*c + 8. Determine g(0).
8
Let z(l) = -l**3 - 99*l**2 + 164*l + 23783. Give z(-98).
-1893
Let x(s) = s**2 - 72021*s + 288059. Calculate x(4).
-9
Let x(g) = 4*g**2 - 216*g + 730. Determine x(50).
-70
Let f(g) = -295*g + 806. What is f(-1)?
1101
Let f(b) = -497608*b + 21. What is f(0)?
21
Let j(m) = -52501*m + 892529. What is j(17)?
12
Let x(b) = -b**2 - 2330*b + 1854040. Determine x(627).
1
Let u(t) = -744*t - 7805. Give u(-11).
379
Let i(n) = -n**3 + 16*n**2 - 337*n + 4618. What is i(14)?
292
Let y(u) = 7*u**3 - 17*u**2 - 23*u - 126. Calculate y(-5).
-1311
Let l(r) = -64*r**2 + 351*r + 17. Determine l(6).
-181
Let f(x) = -74*x**2 + 130186*x + 95038. Give f(1760).
-2
Let x(f) = 350*f - 8830. What is x(22)?
-1130
Let n(p) = 32150*p - 64308. Determine n(2).
-8
Let w(r) = 3*r**3 + 2269*r**2 + 3012*r - 6033. What is w(-755)?
7
Let z(j) = 3720*j + 29657. Calculate z(-8).
-103
Let s(y) = 6298*y + 79669. Determine s(-13).
-2205
Let l(k) = -1390*k**2 - 4137*k - 60. Give l(-3).
-159
Let d(f) = 5*f**2 + 1451*f - 102595. What is d(-349)?
11
Let q(m) = -64*m**3 - 8*m**2 + 1. Determine q(3).
-1799
Let v(b) = 2*b**3 - 138*b**2 - 1054*b - 772. Calculate v(76).
-12
Let f(v) = -v**2 + 249*v + 101818. Give f(-218).
12
Let j(s) = s**3 + 25*s**2 - 1089*s + 7728. What is j(13)?
-7
Let b(l) = 9*l**2 - 17185*l - 51563. Give b(-3).
73
Let u(z) = z**3 - 465*z**2 + 31105*z - 416. Give u(384).
-32
Let w(t) = -t**2 + 271*t + 51099. Calculate w(399).
27
Let t(i) = 4607*i - 13801. Give t(3).
20
Let a(q) = 4*q**2 - 383*q + 1450. What is a(4)?
-18
Let v(c) = -c**2 + 653*c + 560075. Determine v(-490).
5
Let h(t) = -t**2 + 137*t + 2623. Calculate h(154).
5
Let d(f) = -59*f**2 + 826*f + 151. What is d(14)?
151
Let c(w) = w**3 - w**2 + 35*w - 181. Determine c(5).
94
Let y(a) = 3062*a + 134786. Determine y(-44).
58
Let l(b) = -b**3 + 20*b**2 + 16*b - 670. Give l(18).
266
Let i(h) = 77*h**2 + 563*h - 1671. What is i(3)?
711
Let y(t) = 8*t**3 + 1439*t**2 - 133*t + 8461. What is y(-180)?
1
Let p(f) = 5*f**2 - 226*f + 660. What is p(43)?
187
Let s(y) = 2058*y + 818834. What is s(-398)?
-250
Let v(w) = -w**2 - 10450*w + 62743. Calculate v(6).
7
Let u(f) = -39*f**2 - 62*f + 178. What is u(3)?
-359
Let p(m) = 4498*m - 31483. What is p(7)?
3
Let q(x) = -8474*x - 4287836. Determine q(-506).
8
Let q(b) = -b**3 + 150*b**2 - 1141*b + 711. Determine q(142).
1
Let q(w) = 27*w - 929. Calculate q(28).
-173
Let q(r) = -3*r**3 - 122*r**2 + 43*r + 74. Give q(-41).
-8
Let x(s) = -s**2 - 66*s + 3515. What is x(-96)?
635
Let z(k) = -k**3 + 2146*k**2 - 504915*k + 542. What is z(269)?
4
Let h(m) = -7*m**2 + 255*m - 803. Calculate h(3).
-101
Let k(f) = 23*f**3 + 2*f**2 - 1248*f - 2490. Calculate k(-2).
-170
Let s(t) = -2*t**2 + 190*t - 1424. Give s(9).
124
Let i(p) = p**3 + 64*p**2 + 92*p - 2010. Give i(-62).
-26
Let d(v) = -322*v**2 + 30913*v - 106. Determine d(96).
-10
Let v(y) = y**3 - 6567*y**2 - 72350*y + 23. Determine v(-11).
-65
Let f(m) = -2*m**3 + 41*m**2 - 410*m + 22. Calculate f(14).
-3170
Let z(a) = -82232*a - 575664. Give z(-7).
-40
Let r(j) = -2*j**2 - 5951*j + 216813. Give r(36).
-15
Let s(f) = -f**3 + 507*f**2 + 28469*f - 6137. Give s(558).
1
Let g(a) = 10*a**3 + 2*a**2 - 2564*a + 2563. What is g(1)?
11
Let t(c) = -6*c**2 + 371*c - 5084. Determine t(38).
350
Let q(w) = w**3 - 120*w**2 - 1602*w + 2463. What is q(132)?
87
Let z(n) = -n**2 - 3946*n - 221592. Calculate z(-57).
81
Let p(z) = -z**2 + 100*z + 15463. Determine p(-85).
-262
Let o(v) = -54*v**2 - 41186*v - 123565. Calculate o(-3).
-493
Let h(f) = -3*f**2 - 219*f - 4346. Determine h(-18).
-1376
Let y(d) = 7738*d + 15479. Give y(-2).
3
Let k(t) = -t**3 - 20*t**2 + 44*t + 879. Determine k(-20).
-1
Let t(w) = 48*w**3 + 131*w**2 - 64*w - 203. Determine t(-3).
-128
Let a(i) = 5*i**2 - 171*i + 430. Give a(4).
-174
Let s(g) = -g**2 - 108*g + 2708. Give s(-129).
-1
Let l(f) = -3082*f - 123405. What is l(-40)?
-125
Let l(o) = -18578*o + 5889249. Determine l(317).
23
Let m(u) = -52*u - 7656. Give m(-145).
-116
Let k(c) = c**3 + 5*c**2 - 422*c + 1658. Determine k(4).
114
Let h(y) = -4379*y - 21939. Calculate h(-5).
-44
Let i(w) = 3032*w - 288052. What is i(95)?
-12
Let d(i) = i**3 - 7*i**2 - 6013*i + 104668. Give d(18).
-2
Let s(h) = -h**3 - 24*h**2 + 176*h + 4833. Determine s(-22).
-7
Let t(b) = -520241*b - 10925057. Give t(-21).
4
Let r(f) = -3*f**2 - 150*f - 371. Determine r(-12).
997
Let v(f) = -15*f**2 + 179*f - 523. Give v(9).
-127
Let z(k) = 200*k**3 - 1624*k**2 + 199*k - 11. Calculate z(8).
45
Let l(w) = 2*w**3 - 32*w**2 - 252*w + 71. Determine l(22).
335
Let r(l) = -808*l - 20203. Give r(-25).
-3
Let b(l) = -2*l**2 - 1502*l - 39051. Give b(-27).
45
Let i(w) = -517*w - 21366. Determine i(-40).
-686
Let t(z) = 2*z**2 - 7962*z - 160067. Determine t(-20).
-27
Let l(w) = 17*w**2 - 545*w - 1134. What is l(-2)?
24
Let q(z) = -2*z**3 + 460*z**2 + 2827*z + 1149. What is q(236)?
-31
Let y(i) = 705*i - 160179. Give y(227).
-144
Let l(d) = -1160*d + 9517. Give l(8).
237
Let p(n) = 379*n + 8542. Give p(-24).
-554
Let f(v) = v**3 - 96*v**2 + 685*v + 889. Give f(9).
7
Let g(y) = 2*y**2 + 85*y - 37. Determine g(-37).
-444
Let k(d) = 2*d**2 + 66*